{"id":191,"date":"2025-04-05T19:50:59","date_gmt":"2025-04-05T22:50:59","guid":{"rendered":"http:\/\/dyvtour.cl\/?post_type=product&#038;p=191"},"modified":"2026-04-07T22:51:57","modified_gmt":"2026-04-08T01:51:57","slug":"tour-termas-valle-de-colina","status":"publish","type":"product","link":"http:\/\/dyvtour.cl\/es\/tour\/tour-termas-valle-de-colina\/","title":{"rendered":"Tour<br> Termas Valle de Colina"},"content":{"rendered":"<p><span style=\"font-weight: 400;\">Ven a descubrir y explorar este maravilloso tour en el que experimentar\u00e1s las aguas naturales altamente mineralizadas de origen magm\u00e1tico, que provienen de las entra\u00f1as del volc\u00e1n San Jos\u00e9 y que tienen una serie de propiedades curativas, todas alojadas en las termas de <\/span><b>Valle de Colina.<\/b><\/p>\n<p><span style=\"font-weight: 400;\">Las temperaturas de estas m\u00e1gicas <\/span><b>aguas termales <\/b><span style=\"font-weight: 400;\">var\u00edan entre 25 grados Celsius en los pozos m\u00e1s bajos, y hasta los 55 grados Celsius los m\u00e1s altos. Adem\u00e1s, est\u00e1 rodeado de un maravilloso entorno cordillerano, el cual permite apreciar la majestuosa vista de la Cordillera de Los Andes .<\/span><\/p>\n<p><span style=\"font-weight: 400;\">Podr\u00e1s sumergirte y relajarte en las aguas termales que nos entrega este maravilloso lugar. Este paseo te permite abrir la mente y el coraz\u00f3n a nuevas experiencias, es descubrir que el mundo es tan grande como tus sue\u00f1os y tan incierto como tu capacidad de explorarlo.<\/span><\/p>\n","protected":false},"excerpt":{"rendered":"<p>Ven a descubrir y explorar este maravilloso tour en el que experimentar\u00e1s las aguas naturales altamente mineralizadas de origen magm\u00e1tico, que provienen de las entra\u00f1as del volc\u00e1n San Jos\u00e9 y que tienen una serie de propiedades curativas, todas alojadas en las termas de Valle de Colina. Las temperaturas de estas m\u00e1gicas aguas termales var\u00edan entre [&hellip;]<\/p>\n","protected":false},"featured_media":1118,"template":"","meta":{"_acf_changed":false},"product_brand":[],"product_cat":[21],"product_tag":[],"class_list":{"0":"post-191","1":"product","2":"type-product","3":"status-publish","4":"has-post-thumbnail","6":"product_cat-nieve","8":"first","9":"instock","10":"shipping-taxable","11":"product-type-simple"},"acf":[],"yoast_head":"<!-- This site is optimized with the Yoast SEO Premium plugin v22.0 (Yoast SEO v27.3) - https:\/\/yoast.com\/product\/yoast-seo-premium-wordpress\/ -->\n<title>Tour Termas Valle de Colina - DyV Tour<\/title>\n<meta name=\"robots\" content=\"index, follow, max-snippet:-1, max-image-preview:large, max-video-preview:-1\" \/>\n<link rel=\"canonical\" href=\"http:\/\/dyvtour.cl\/es\/tour\/tour-termas-valle-de-colina\/\" \/>\n<meta property=\"og:locale\" content=\"es_ES\" \/>\n<meta property=\"og:type\" content=\"article\" \/>\n<meta property=\"og:title\" content=\"Tour Termas Valle de Colina\" \/>\n<meta property=\"og:description\" content=\"Ven a descubrir y explorar este maravilloso tour en el que experimentar\u00e1s las aguas naturales altamente mineralizadas de origen magm\u00e1tico, que provienen de las entra\u00f1as del volc\u00e1n San Jos\u00e9 y que tienen una serie de propiedades curativas, todas alojadas en las termas de Valle de Colina. Las temperaturas de estas m\u00e1gicas aguas termales var\u00edan entre [&hellip;]\" \/>\n<meta property=\"og:url\" content=\"http:\/\/dyvtour.cl\/es\/tour\/tour-termas-valle-de-colina\/\" \/>\n<meta property=\"og:site_name\" content=\"DyV Tour\" \/>\n<meta property=\"article:modified_time\" content=\"2026-04-08T01:51:57+00:00\" \/>\n<meta property=\"og:image\" content=\"http:\/\/dyvtour.cl\/wp-content\/uploads\/2025\/04\/TOUR-Termas-Valle-de-Colina-Pequeno.png\" \/>\n\t<meta property=\"og:image:width\" content=\"480\" \/>\n\t<meta property=\"og:image:height\" content=\"720\" \/>\n\t<meta property=\"og:image:type\" content=\"image\/png\" \/>\n<meta name=\"twitter:card\" content=\"summary_large_image\" \/>\n<meta name=\"twitter:label1\" content=\"Tiempo de lectura\" \/>\n\t<meta name=\"twitter:data1\" content=\"1 minuto\" \/>\n<script type=\"application\/ld+json\" class=\"yoast-schema-graph\">{\"@context\":\"https:\\\/\\\/schema.org\",\"@graph\":[{\"@type\":\"WebPage\",\"@id\":\"http:\\\/\\\/dyvtour.cl\\\/es\\\/tour\\\/tour-termas-valle-de-colina\\\/\",\"url\":\"http:\\\/\\\/dyvtour.cl\\\/es\\\/tour\\\/tour-termas-valle-de-colina\\\/\",\"name\":\"Tour Termas Valle de Colina - DyV Tour\",\"isPartOf\":{\"@id\":\"http:\\\/\\\/dyvtour.cl\\\/es\\\/#website\"},\"primaryImageOfPage\":{\"@id\":\"http:\\\/\\\/dyvtour.cl\\\/es\\\/tour\\\/tour-termas-valle-de-colina\\\/#primaryimage\"},\"image\":{\"@id\":\"http:\\\/\\\/dyvtour.cl\\\/es\\\/tour\\\/tour-termas-valle-de-colina\\\/#primaryimage\"},\"thumbnailUrl\":\"http:\\\/\\\/dyvtour.cl\\\/wp-content\\\/uploads\\\/2025\\\/04\\\/TOUR-Termas-Valle-de-Colina-Pequeno.png\",\"datePublished\":\"2025-04-05T22:50:59+00:00\",\"dateModified\":\"2026-04-08T01:51:57+00:00\",\"breadcrumb\":{\"@id\":\"http:\\\/\\\/dyvtour.cl\\\/es\\\/tour\\\/tour-termas-valle-de-colina\\\/#breadcrumb\"},\"inLanguage\":\"es\",\"potentialAction\":[{\"@type\":\"ReadAction\",\"target\":[\"http:\\\/\\\/dyvtour.cl\\\/es\\\/tour\\\/tour-termas-valle-de-colina\\\/\"]}]},{\"@type\":\"ImageObject\",\"inLanguage\":\"es\",\"@id\":\"http:\\\/\\\/dyvtour.cl\\\/es\\\/tour\\\/tour-termas-valle-de-colina\\\/#primaryimage\",\"url\":\"http:\\\/\\\/dyvtour.cl\\\/wp-content\\\/uploads\\\/2025\\\/04\\\/TOUR-Termas-Valle-de-Colina-Pequeno.png\",\"contentUrl\":\"http:\\\/\\\/dyvtour.cl\\\/wp-content\\\/uploads\\\/2025\\\/04\\\/TOUR-Termas-Valle-de-Colina-Pequeno.png\",\"width\":480,\"height\":720},{\"@type\":\"BreadcrumbList\",\"@id\":\"http:\\\/\\\/dyvtour.cl\\\/es\\\/tour\\\/tour-termas-valle-de-colina\\\/#breadcrumb\",\"itemListElement\":[{\"@type\":\"ListItem\",\"position\":1,\"name\":\"Portada\",\"item\":\"http:\\\/\\\/dyvtour.cl\\\/es\\\/\"},{\"@type\":\"ListItem\",\"position\":2,\"name\":\"Tienda\",\"item\":\"https:\\\/\\\/dyvtour.cl\\\/en\\\/tienda\\\/\"},{\"@type\":\"ListItem\",\"position\":3,\"name\":\"Tour Termas Valle de Colina\"}]},{\"@type\":\"WebSite\",\"@id\":\"http:\\\/\\\/dyvtour.cl\\\/es\\\/#website\",\"url\":\"http:\\\/\\\/dyvtour.cl\\\/es\\\/\",\"name\":\"DyV Tour\",\"description\":\"VIVE LA EXPERIENCIA\",\"publisher\":{\"@id\":\"http:\\\/\\\/dyvtour.cl\\\/es\\\/#organization\"},\"potentialAction\":[{\"@type\":\"SearchAction\",\"target\":{\"@type\":\"EntryPoint\",\"urlTemplate\":\"http:\\\/\\\/dyvtour.cl\\\/es\\\/?s={search_term_string}\"},\"query-input\":{\"@type\":\"PropertyValueSpecification\",\"valueRequired\":true,\"valueName\":\"search_term_string\"}}],\"inLanguage\":\"es\"},{\"@type\":\"Organization\",\"@id\":\"http:\\\/\\\/dyvtour.cl\\\/es\\\/#organization\",\"name\":\"DyV Tour\",\"url\":\"http:\\\/\\\/dyvtour.cl\\\/es\\\/\",\"logo\":{\"@type\":\"ImageObject\",\"inLanguage\":\"es\",\"@id\":\"http:\\\/\\\/dyvtour.cl\\\/es\\\/#\\\/schema\\\/logo\\\/image\\\/\",\"url\":\"http:\\\/\\\/dyvtour.cl\\\/wp-content\\\/uploads\\\/2026\\\/04\\\/logotipo-transparente_1_tour-dv-tour-chile.webp\",\"contentUrl\":\"http:\\\/\\\/dyvtour.cl\\\/wp-content\\\/uploads\\\/2026\\\/04\\\/logotipo-transparente_1_tour-dv-tour-chile.webp\",\"width\":350,\"height\":142,\"caption\":\"DyV Tour\"},\"image\":{\"@id\":\"http:\\\/\\\/dyvtour.cl\\\/es\\\/#\\\/schema\\\/logo\\\/image\\\/\"}}]}<\/script>\n<!-- \/ Yoast SEO Premium plugin. -->","yoast_head_json":{"title":"Tour Termas Valle de Colina - DyV Tour","robots":{"index":"index","follow":"follow","max-snippet":"max-snippet:-1","max-image-preview":"max-image-preview:large","max-video-preview":"max-video-preview:-1"},"canonical":"http:\/\/dyvtour.cl\/es\/tour\/tour-termas-valle-de-colina\/","og_locale":"es_ES","og_type":"article","og_title":"Tour Termas Valle de Colina","og_description":"Ven a descubrir y explorar este maravilloso tour en el que experimentar\u00e1s las aguas naturales altamente mineralizadas de origen magm\u00e1tico, que provienen de las entra\u00f1as del volc\u00e1n San Jos\u00e9 y que tienen una serie de propiedades curativas, todas alojadas en las termas de Valle de Colina. Las temperaturas de estas m\u00e1gicas aguas termales var\u00edan entre [&hellip;]","og_url":"http:\/\/dyvtour.cl\/es\/tour\/tour-termas-valle-de-colina\/","og_site_name":"DyV Tour","article_modified_time":"2026-04-08T01:51:57+00:00","og_image":[{"width":480,"height":720,"url":"http:\/\/dyvtour.cl\/wp-content\/uploads\/2025\/04\/TOUR-Termas-Valle-de-Colina-Pequeno.png","type":"image\/png"}],"twitter_card":"summary_large_image","twitter_misc":{"Tiempo de lectura":"1 minuto"},"schema":{"@context":"https:\/\/schema.org","@graph":[{"@type":"WebPage","@id":"http:\/\/dyvtour.cl\/es\/tour\/tour-termas-valle-de-colina\/","url":"http:\/\/dyvtour.cl\/es\/tour\/tour-termas-valle-de-colina\/","name":"Tour Termas Valle de Colina - DyV Tour","isPartOf":{"@id":"http:\/\/dyvtour.cl\/es\/#website"},"primaryImageOfPage":{"@id":"http:\/\/dyvtour.cl\/es\/tour\/tour-termas-valle-de-colina\/#primaryimage"},"image":{"@id":"http:\/\/dyvtour.cl\/es\/tour\/tour-termas-valle-de-colina\/#primaryimage"},"thumbnailUrl":"http:\/\/dyvtour.cl\/wp-content\/uploads\/2025\/04\/TOUR-Termas-Valle-de-Colina-Pequeno.png","datePublished":"2025-04-05T22:50:59+00:00","dateModified":"2026-04-08T01:51:57+00:00","breadcrumb":{"@id":"http:\/\/dyvtour.cl\/es\/tour\/tour-termas-valle-de-colina\/#breadcrumb"},"inLanguage":"es","potentialAction":[{"@type":"ReadAction","target":["http:\/\/dyvtour.cl\/es\/tour\/tour-termas-valle-de-colina\/"]}]},{"@type":"ImageObject","inLanguage":"es","@id":"http:\/\/dyvtour.cl\/es\/tour\/tour-termas-valle-de-colina\/#primaryimage","url":"http:\/\/dyvtour.cl\/wp-content\/uploads\/2025\/04\/TOUR-Termas-Valle-de-Colina-Pequeno.png","contentUrl":"http:\/\/dyvtour.cl\/wp-content\/uploads\/2025\/04\/TOUR-Termas-Valle-de-Colina-Pequeno.png","width":480,"height":720},{"@type":"BreadcrumbList","@id":"http:\/\/dyvtour.cl\/es\/tour\/tour-termas-valle-de-colina\/#breadcrumb","itemListElement":[{"@type":"ListItem","position":1,"name":"Portada","item":"http:\/\/dyvtour.cl\/es\/"},{"@type":"ListItem","position":2,"name":"Tienda","item":"https:\/\/dyvtour.cl\/en\/tienda\/"},{"@type":"ListItem","position":3,"name":"Tour Termas Valle de Colina"}]},{"@type":"WebSite","@id":"http:\/\/dyvtour.cl\/es\/#website","url":"http:\/\/dyvtour.cl\/es\/","name":"DyV Tour","description":"VIVE LA EXPERIENCIA","publisher":{"@id":"http:\/\/dyvtour.cl\/es\/#organization"},"potentialAction":[{"@type":"SearchAction","target":{"@type":"EntryPoint","urlTemplate":"http:\/\/dyvtour.cl\/es\/?s={search_term_string}"},"query-input":{"@type":"PropertyValueSpecification","valueRequired":true,"valueName":"search_term_string"}}],"inLanguage":"es"},{"@type":"Organization","@id":"http:\/\/dyvtour.cl\/es\/#organization","name":"DyV Tour","url":"http:\/\/dyvtour.cl\/es\/","logo":{"@type":"ImageObject","inLanguage":"es","@id":"http:\/\/dyvtour.cl\/es\/#\/schema\/logo\/image\/","url":"http:\/\/dyvtour.cl\/wp-content\/uploads\/2026\/04\/logotipo-transparente_1_tour-dv-tour-chile.webp","contentUrl":"http:\/\/dyvtour.cl\/wp-content\/uploads\/2026\/04\/logotipo-transparente_1_tour-dv-tour-chile.webp","width":350,"height":142,"caption":"DyV Tour"},"image":{"@id":"http:\/\/dyvtour.cl\/es\/#\/schema\/logo\/image\/"}}]}},"_links":{"self":[{"href":"http:\/\/dyvtour.cl\/es\/wp-json\/wp\/v2\/product\/191","targetHints":{"allow":["GET"]}}],"collection":[{"href":"http:\/\/dyvtour.cl\/es\/wp-json\/wp\/v2\/product"}],"about":[{"href":"http:\/\/dyvtour.cl\/es\/wp-json\/wp\/v2\/types\/product"}],"wp:featuredmedia":[{"embeddable":true,"href":"http:\/\/dyvtour.cl\/es\/wp-json\/wp\/v2\/media\/1118"}],"wp:attachment":[{"href":"http:\/\/dyvtour.cl\/es\/wp-json\/wp\/v2\/media?parent=191"}],"wp:term":[{"taxonomy":"product_brand","embeddable":true,"href":"http:\/\/dyvtour.cl\/es\/wp-json\/wp\/v2\/product_brand?post=191"},{"taxonomy":"product_cat","embeddable":true,"href":"http:\/\/dyvtour.cl\/es\/wp-json\/wp\/v2\/product_cat?post=191"},{"taxonomy":"product_tag","embeddable":true,"href":"http:\/\/dyvtour.cl\/es\/wp-json\/wp\/v2\/product_tag?post=191"}],"curies":[{"name":"wp","href":"https:\/\/api.w.org\/{rel}","templated":true}]}}

<p><span style="font-weight: 400;">Ven a descubrir y explorar este maravilloso tour en el que experimentarás las aguas naturales altamente mineralizadas de origen magmático, que provienen de las entrañas del volcán San José y que tienen una serie de propiedades curativas, todas alojadas en las termas de </span><b>Valle de Colina.</b></p>
<p><span style="font-weight: 400;">Las temperaturas de estas mágicas </span><b>aguas termales </b><span style="font-weight: 400;">varían entre 25 grados Celsius en los pozos más bajos, y hasta los 55 grados Celsius los más altos. Además, está rodeado de un maravilloso entorno cordillerano, el cual permite apreciar la majestuosa vista de la Cordillera de Los Andes .</span></p>
<p><span style="font-weight: 400;">Podrás sumergirte y relajarte en las aguas termales que nos entrega este maravilloso lugar. Este paseo te permite abrir la mente y el corazón a nuevas experiencias, es descubrir que el mundo es tan grande como tus sueños y tan incierto como tu capacidad de explorarlo.</span></p>

<p>Ven a descubrir y explorar este maravilloso tour en el que experimentarás las aguas naturales altamente mineralizadas de origen magmático, que provienen de las entrañas del volcán San José y que tienen una serie de propiedades curativas, todas alojadas en las termas de Valle de Colina. Las temperaturas de estas mágicas aguas termales varían entre [&hellip;]</p>

<!-- This site is optimized with the Yoast SEO Premium plugin v22.0 (Yoast SEO v27.3) - https://yoast.com/product/yoast-seo-premium-wordpress/ -->
<title>Tour Termas Valle de Colina - DyV Tour</title>
<meta name="robots" content="index, follow, max-snippet:-1, max-image-preview:large, max-video-preview:-1" />
<link rel="canonical" href="http://dyvtour.cl/es/tour/tour-termas-valle-de-colina/" />
<meta property="og:locale" content="es_ES" />
<meta property="og:type" content="article" />
<meta property="og:title" content="Tour Termas Valle de Colina" />
<meta property="og:description" content="Ven a descubrir y explorar este maravilloso tour en el que experimentarás las aguas naturales altamente mineralizadas de origen magmático, que provienen de las entrañas del volcán San José y que tienen una serie de propiedades curativas, todas alojadas en las termas de Valle de Colina. Las temperaturas de estas mágicas aguas termales varían entre [&hellip;]" />
<meta property="og:url" content="http://dyvtour.cl/es/tour/tour-termas-valle-de-colina/" />
<meta property="og:site_name" content="DyV Tour" />
<meta property="article:modified_time" content="2026-04-08T01:51:57+00:00" />
<meta property="og:image" content="http://dyvtour.cl/wp-content/uploads/2025/04/TOUR-Termas-Valle-de-Colina-Pequeno.png" />
	<meta property="og:image:width" content="480" />
	<meta property="og:image:height" content="720" />
	<meta property="og:image:type" content="image/png" />
<meta name="twitter:card" content="summary_large_image" />
<meta name="twitter:label1" content="Tiempo de lectura" />
	<meta name="twitter:data1" content="1 minuto" />
<script type="application/ld+json" class="yoast-schema-graph">{"@context":"https:\/\/schema.org","@graph":[{"@type":"WebPage","@id":"http:\/\/dyvtour.cl\/es\/tour\/tour-termas-valle-de-colina\/","url":"http:\/\/dyvtour.cl\/es\/tour\/tour-termas-valle-de-colina\/","name":"Tour Termas Valle de Colina - DyV Tour","isPartOf":{"@id":"http:\/\/dyvtour.cl\/es\/#website"},"primaryImageOfPage":{"@id":"http:\/\/dyvtour.cl\/es\/tour\/tour-termas-valle-de-colina\/#primaryimage"},"image":{"@id":"http:\/\/dyvtour.cl\/es\/tour\/tour-termas-valle-de-colina\/#primaryimage"},"thumbnailUrl":"http:\/\/dyvtour.cl\/wp-content\/uploads\/2025\/04\/TOUR-Termas-Valle-de-Colina-Pequeno.png","datePublished":"2025-04-05T22:50:59+00:00","dateModified":"2026-04-08T01:51:57+00:00","breadcrumb":{"@id":"http:\/\/dyvtour.cl\/es\/tour\/tour-termas-valle-de-colina\/#breadcrumb"},"inLanguage":"es","potentialAction":[{"@type":"ReadAction","target":["http:\/\/dyvtour.cl\/es\/tour\/tour-termas-valle-de-colina\/"]}]},{"@type":"ImageObject","inLanguage":"es","@id":"http:\/\/dyvtour.cl\/es\/tour\/tour-termas-valle-de-colina\/#primaryimage","url":"http:\/\/dyvtour.cl\/wp-content\/uploads\/2025\/04\/TOUR-Termas-Valle-de-Colina-Pequeno.png","contentUrl":"http:\/\/dyvtour.cl\/wp-content\/uploads\/2025\/04\/TOUR-Termas-Valle-de-Colina-Pequeno.png","width":480,"height":720},{"@type":"BreadcrumbList","@id":"http:\/\/dyvtour.cl\/es\/tour\/tour-termas-valle-de-colina\/#breadcrumb","itemListElement":[{"@type":"ListItem","position":1,"name":"Portada","item":"http:\/\/dyvtour.cl\/es\/"},{"@type":"ListItem","position":2,"name":"Tienda","item":"https:\/\/dyvtour.cl\/en\/tienda\/"},{"@type":"ListItem","position":3,"name":"Tour Termas Valle de Colina"}]},{"@type":"WebSite","@id":"http:\/\/dyvtour.cl\/es\/#website","url":"http:\/\/dyvtour.cl\/es\/","name":"DyV Tour","description":"VIVE LA EXPERIENCIA","publisher":{"@id":"http:\/\/dyvtour.cl\/es\/#organization"},"potentialAction":[{"@type":"SearchAction","target":{"@type":"EntryPoint","urlTemplate":"http:\/\/dyvtour.cl\/es\/?s={search_term_string}"},"query-input":{"@type":"PropertyValueSpecification","valueRequired":true,"valueName":"search_term_string"}}],"inLanguage":"es"},{"@type":"Organization","@id":"http:\/\/dyvtour.cl\/es\/#organization","name":"DyV Tour","url":"http:\/\/dyvtour.cl\/es\/","logo":{"@type":"ImageObject","inLanguage":"es","@id":"http:\/\/dyvtour.cl\/es\/#\/schema\/logo\/image\/","url":"http:\/\/dyvtour.cl\/wp-content\/uploads\/2026\/04\/logotipo-transparente_1_tour-dv-tour-chile.webp","contentUrl":"http:\/\/dyvtour.cl\/wp-content\/uploads\/2026\/04\/logotipo-transparente_1_tour-dv-tour-chile.webp","width":350,"height":142,"caption":"DyV Tour"},"image":{"@id":"http:\/\/dyvtour.cl\/es\/#\/schema\/logo\/image\/"}}]}</script>
<!-- / Yoast SEO Premium plugin. -->

Ven a descubrir y explorar este maravilloso tour en el que experimentarás las aguas naturales altamente mineralizadas de origen magmático, que provienen de las entrañas del volcán San José y que tienen una serie de propiedades curativas, todas alojadas en las termas de Valle de Colina. Las temperaturas de estas mágicas aguas termales varían entre [&hellip;]
